{"id":91,"date":"2024-06-30T17:15:33","date_gmt":"2024-06-30T17:15:33","guid":{"rendered":"https:\/\/atelier-musique.ch\/?page_id=91"},"modified":"2024-06-30T17:15:33","modified_gmt":"2024-06-30T17:15:33","slug":"ma-petite-bio","status":"publish","type":"page","link":"https:\/\/atelier-musique.ch\/?page_id=91","title":{"rendered":"Ma petite bio"},"content":{"rendered":"<p>[et_pb_section fb_built=\u00a0\u00bb1&Prime; admin_label=\u00a0\u00bbHeader\u00a0\u00bb _builder_version=\u00a0\u00bb4.16&Prime; background_color=\u00a0\u00bb#f6f0ee\u00a0\u00bb background_image=\u00a0\u00bbhttp:\/\/atelier-musique.ch\/wp-content\/uploads\/2024\/06\/music-teacher_40.png\u00a0\u00bb background_last_edited=\u00a0\u00bbon|phone\u00a0\u00bb background_position_phone=\u00a0\u00bbcenter_right\u00a0\u00bb global_colors_info=\u00a0\u00bb{}\u00a0\u00bb][et_pb_row _builder_version=\u00a0\u00bb4.25.2&Prime; _module_preset=\u00a0\u00bbdefault\u00a0\u00bb width=\u00a0\u00bb79.5%\u00a0\u00bb custom_padding=\u00a0\u00bb127px|||||\u00a0\u00bb hover_enabled=\u00a0\u00bb0&Prime; global_colors_info=\u00a0\u00bb{}\u00a0\u00bb sticky_enabled=\u00a0\u00bb0&Prime;][et_pb_column type=\u00a0\u00bb4_4&Prime; _builder_version=\u00a0\u00bb4.25.2&Prime; _module_preset=\u00a0\u00bbdefault\u00a0\u00bb global_colors_info=\u00a0\u00bb{}\u00a0\u00bb][et_pb_text _builder_version=\u00a0\u00bb4.25.2&Prime; _module_preset=\u00a0\u00bbdefault\u00a0\u00bb hover_enabled=\u00a0\u00bb0&Prime; sticky_enabled=\u00a0\u00bb0&Prime; custom_padding=\u00a0\u00bb||0px|||\u00a0\u00bb text_font_size=\u00a0\u00bb52px\u00a0\u00bb text_font=\u00a0\u00bbMargarine||||||||\u00a0\u00bb text_text_color=\u00a0\u00bb#007099&Prime;]<\/p>\n<p>Ma petite bio:<\/p>\n<p>[\/et_pb_text][\/et_pb_column][\/et_pb_row][\/et_pb_section][et_pb_section fb_built=\u00a0\u00bb1&Prime; admin_label=\u00a0\u00bbAbout\u00a0\u00bb _builder_version=\u00a0\u00bb4.16&Prime; background_color=\u00a0\u00bb#f6f0ee\u00a0\u00bb custom_padding=\u00a0\u00bb0px|||||\u00a0\u00bb global_colors_info=\u00a0\u00bb{}\u00a0\u00bb][et_pb_row _builder_version=\u00a0\u00bb4.25.2&Prime; _module_preset=\u00a0\u00bbdefault\u00a0\u00bb global_colors_info=\u00a0\u00bb{}\u00a0\u00bb][et_pb_column type=\u00a0\u00bb4_4&Prime; _builder_version=\u00a0\u00bb4.25.2&Prime; _module_preset=\u00a0\u00bbdefault\u00a0\u00bb global_colors_info=\u00a0\u00bb{}\u00a0\u00bb][et_pb_text _builder_version=\u00a0\u00bb4.25.2&Prime; _module_preset=\u00a0\u00bbdefault\u00a0\u00bb custom_margin=\u00a0\u00bb||99px|||\u00a0\u00bb custom_padding=\u00a0\u00bb||0px|||\u00a0\u00bb link_option_url=\u00a0\u00bbhttps:\/\/kodaly-francophone.org\/\u00a0\u00bb hover_enabled=\u00a0\u00bb0&Prime; inline_fonts=\u00a0\u00bbInria Serif\u00a0\u00bb global_colors_info=\u00a0\u00bb{}\u00a0\u00bb sticky_enabled=\u00a0\u00bb0&Prime;]<\/p>\n<h1><span style=\"font-size: large; font-family: 'Inria Serif'; color: #007099;\">De la fl\u00fbte \u00e0 bec \u00e0 la fl\u00fbte traversi\u00e8re \u00e9tudi\u00e9e dans mon enfance et mon adolescence, il n&rsquo;y avait qu&rsquo;un pas \u00e0 franchir pour passer dans l&rsquo;univers magique de la fl\u00fbte de bambou. Cet instrument se distingue par sa sonorit\u00e9 chaude \u00e0 nulle autre pareil. Et le processus de construction m&rsquo;a tout de suite s\u00e9duite. en 2011, j&rsquo;ai acquis le <strong>dipl\u00f4me d&rsquo;enseignement de la Soci\u00e9t\u00e9 Suisse de P\u00e9dagogie Musicale<\/strong>.<\/span><\/h1>\n<h1><span style=\"font-size: large; font-family: 'Inria Serif'; color: #007099;\">L&rsquo;autre univers qui m&rsquo;anime depuis toujours est le chant et sa palette de sensations et couleurs infinies. J&rsquo;ai acquis mon exp\u00e9rience dans diff\u00e9rents choeurs, en quatuor et en tant que soliste, explorant ainsi les facettes du chant choral et de la performance individuelle. J&rsquo;ai suivi les cours du conservatoire dans la classe de Jean-Luc Follonier et d&rsquo;A\u00efda Houssaini. Afin de parfaire mon approche p\u00e9dagogique, j&rsquo;ai suivi un <strong>CAS en p\u00e9dagogie Kodaly<\/strong> \u00e0 l&rsquo;institut Kodaly de Gen\u00e8ve. Cette m\u00e9thode d&rsquo;apprentissage musical allie travail de la voix et du souffle, et le mouvement, afin d&rsquo;offrir \u00e0 chaque musicien une compr\u00e9hension toujours plus grande de son premier instrument qu&rsquo;est la voix, et d&rsquo;\u00e9largir la palette des possibles. La joie et le plaisir de chanter sont au coeur de cette p\u00e9dagogie.\u00a0<\/span><\/h1>\n<h1><span style=\"font-size: large; font-family: 'Inria Serif'; color: #007099;\">Semer les graines de la passion musicale dans le coeur des jeunes et moins jeunes,\u00a0 cultiver le sens artistique et le \u00ab\u00a0vivre ensemble\u00a0\u00bb, sont autant de d\u00e9fis \u00e0 relever dans la direction d&rsquo;un choeur. J&rsquo;ai\u00a0 chant\u00e9 puis dirig\u00e9 le Choeur-Mixte d&rsquo;Hauteville, et anim\u00e9 des sessions chorales lors de camps d&rsquo;enfants et d&rsquo;adultes. J&rsquo;ai dirig\u00e9 le choeur d&rsquo;enfant des Pic&rsquo;Notes de 2014 \u00e0 2020 et je reprends le pupitre d\u00e8s la rentr\u00e9e 2024 avec grand plaisir.\u00a0<\/span><\/h1>\n<p><span style=\"font-size: large; font-family: 'Inria Serif'; color: #007099;\">Ma grande curiosit\u00e9 pour la musique m&rsquo;am\u00e8ne \u00e0 pratiquer divers instruments, comme la fl\u00fbte kena ou le whistle (fl\u00fbte irlandaise), et m\u00eame du didjeridoo. J&rsquo;accompagne mes \u00e9l\u00e8ves au piano et \u00e0 la guitare, \u00e0 l&rsquo;auto-harpe ou au chruti-box (accord\u00e9on indien).\u00a0<\/span><\/p>\n<p><span style=\"font-size: large; font-family: 'Inria Serif'; color: #007099;\">Je ne cesse de me former afin d&rsquo;acqu\u00e9rir de nouveaux outils et comp\u00e9tences.<\/span><\/p>\n<p><span style=\"font-size: large; font-family: 'Inria Serif'; color: #007099;\">Je serai tr\u00e8s heureuse de vous rencontrer et de vous accompagner, vous ou votre enfant, dans l&rsquo;univers musical.\u00a0<\/span><\/p>\n<p><span style=\"font-size: large; font-family: 'Inria Serif'; color: #007099;\"><\/span><\/p>\n<p><span style=\"font-size: large; font-family: 'Inria Serif'; color: #007099;\"><\/span><\/p>\n<p><span style=\"font-size: large; font-family: 'Inria Serif'; color: #007099;\"><\/span><\/p>\n<p>[\/et_pb_text][\/et_pb_column][\/et_pb_row][\/et_pb_section]<\/p>\n","protected":false},"excerpt":{"rendered":"<p>Ma petite bio:De la fl\u00fbte \u00e0 bec \u00e0 la fl\u00fbte traversi\u00e8re \u00e9tudi\u00e9e dans mon enfance et mon adolescence, il n&rsquo;y avait qu&rsquo;un pas \u00e0 franchir pour passer dans l&rsquo;univers magique de la fl\u00fbte de bambou. Cet instrument se distingue par sa sonorit\u00e9 chaude \u00e0 nulle autre pareil. Et le processus de construction m&rsquo;a tout de [&hellip;]<\/p>\n","protected":false},"author":2,"featured_media":0,"parent":0,"menu_order":0,"comment_status":"closed","ping_status":"closed","template":"","meta":{"_et_pb_use_builder":"on","_et_pb_old_content":"","_et_gb_content_width":"","footnotes":""},"class_list":["post-91","page","type-page","status-publish","hentry"],"_links":{"self":[{"href":"https:\/\/atelier-musique.ch\/index.php?rest_route=\/wp\/v2\/pages\/91","targetHints":{"allow":["GET"]}}],"collection":[{"href":"https:\/\/atelier-musique.ch\/index.php?rest_route=\/wp\/v2\/pages"}],"about":[{"href":"https:\/\/atelier-musique.ch\/index.php?rest_route=\/wp\/v2\/types\/page"}],"author":[{"embeddable":true,"href":"https:\/\/atelier-musique.ch\/index.php?rest_route=\/wp\/v2\/users\/2"}],"replies":[{"embeddable":true,"href":"https:\/\/atelier-musique.ch\/index.php?rest_route=%2Fwp%2Fv2%2Fcomments&post=91"}],"version-history":[{"count":8,"href":"https:\/\/atelier-musique.ch\/index.php?rest_route=\/wp\/v2\/pages\/91\/revisions"}],"predecessor-version":[{"id":180,"href":"https:\/\/atelier-musique.ch\/index.php?rest_route=\/wp\/v2\/pages\/91\/revisions\/180"}],"wp:attachment":[{"href":"https:\/\/atelier-musique.ch\/index.php?rest_route=%2Fwp%2Fv2%2Fmedia&parent=91"}],"curies":[{"name":"wp","href":"https:\/\/api.w.org\/{rel}","templated":true}]}}