{"id":136,"date":"2024-06-30T17:15:27","date_gmt":"2024-06-30T17:15:27","guid":{"rendered":"https:\/\/atelier-musique.ch\/?page_id=136"},"modified":"2024-07-03T18:00:41","modified_gmt":"2024-07-03T18:00:41","slug":"jardin-musical","status":"publish","type":"page","link":"https:\/\/atelier-musique.ch\/?page_id=136","title":{"rendered":"Jardin musical"},"content":{"rendered":"<p>[et_pb_section fb_built=\u00a0\u00bb1&Prime; admin_label=\u00a0\u00bbHeader\u00a0\u00bb _builder_version=\u00a0\u00bb4.16&Prime; background_color=\u00a0\u00bb#f6f0ee\u00a0\u00bb custom_padding=\u00a0\u00bb0px||0px||true|false\u00a0\u00bb locked=\u00a0\u00bboff\u00a0\u00bb global_colors_info=\u00a0\u00bb{}\u00a0\u00bb][et_pb_row custom_padding_last_edited=\u00a0\u00bbon|phone\u00a0\u00bb _builder_version=\u00a0\u00bb4.16&Prime; background_color=\u00a0\u00bb#ffffff\u00a0\u00bb custom_padding=\u00a0\u00bb60px|60px|0px|60px|false|true\u00a0\u00bb custom_padding_tablet=\u00a0\u00bb\u00a0\u00bb custom_padding_phone=\u00a0\u00bb|30px||30px|false|true\u00a0\u00bb global_colors_info=\u00a0\u00bb{}\u00a0\u00bb][et_pb_column type=\u00a0\u00bb4_4&Prime; _builder_version=\u00a0\u00bb4.16&Prime; global_colors_info=\u00a0\u00bb{}\u00a0\u00bb][et_pb_text _builder_version=\u00a0\u00bb4.25.2&Prime; text_font=\u00a0\u00bbMargarine||||||||\u00a0\u00bb text_font_size=\u00a0\u00bb16px\u00a0\u00bb text_line_height=\u00a0\u00bb1.8em\u00a0\u00bb header_font=\u00a0\u00bbInria Serif|700|||||||\u00a0\u00bb header_text_color=\u00a0\u00bb#000000&Prime; header_font_size=\u00a0\u00bb70px\u00a0\u00bb header_line_height=\u00a0\u00bb1.2em\u00a0\u00bb z_index=\u00a0\u00bb1&Prime; max_width=\u00a0\u00bb800px\u00a0\u00bb custom_margin=\u00a0\u00bb||||false|false\u00a0\u00bb text_font_size_tablet=\u00a0\u00bb\u00a0\u00bb text_font_size_phone=\u00a0\u00bb14px\u00a0\u00bb text_font_size_last_edited=\u00a0\u00bbon|phone\u00a0\u00bb header_font_size_tablet=\u00a0\u00bb48px\u00a0\u00bb header_font_size_phone=\u00a0\u00bb24px\u00a0\u00bb header_font_size_last_edited=\u00a0\u00bbon|phone\u00a0\u00bb locked=\u00a0\u00bboff\u00a0\u00bb inline_fonts=\u00a0\u00bbMargarine\u00a0\u00bb global_colors_info=\u00a0\u00bb{}\u00a0\u00bb]<\/p>\n<h1><span style=\"color: #6b0b1b; font-family: Margarine;\">Jardin musical<\/span><\/h1>\n<p>[\/et_pb_text][\/et_pb_column][\/et_pb_row][et_pb_row custom_padding_last_edited=\u00a0\u00bbon|desktop\u00a0\u00bb _builder_version=\u00a0\u00bb4.25.2&Prime; background_color=\u00a0\u00bb#ffffff\u00a0\u00bb custom_padding=\u00a0\u00bb91px|60px|0px|60px|false|true\u00a0\u00bb custom_padding_tablet=\u00a0\u00bb||||false|true\u00a0\u00bb custom_padding_phone=\u00a0\u00bb|30px||30px|false|true\u00a0\u00bb global_colors_info=\u00a0\u00bb{}\u00a0\u00bb][et_pb_column type=\u00a0\u00bb4_4&Prime; _builder_version=\u00a0\u00bb4.16&Prime; global_colors_info=\u00a0\u00bb{}\u00a0\u00bb][et_pb_text _builder_version=\u00a0\u00bb4.25.2&Prime; text_font_size=\u00a0\u00bb16px\u00a0\u00bb text_line_height=\u00a0\u00bb1.8em\u00a0\u00bb header_font=\u00a0\u00bbInria Serif|700|||||||\u00a0\u00bb header_text_color=\u00a0\u00bb#000000&Prime; header_font_size=\u00a0\u00bb70px\u00a0\u00bb header_line_height=\u00a0\u00bb1.2em\u00a0\u00bb max_width=\u00a0\u00bb931px\u00a0\u00bb custom_margin=\u00a0\u00bb||||false|false\u00a0\u00bb custom_padding=\u00a0\u00bb0px|0px||||\u00a0\u00bb text_font_size_tablet=\u00a0\u00bb\u00a0\u00bb text_font_size_phone=\u00a0\u00bb14px\u00a0\u00bb text_font_size_last_edited=\u00a0\u00bbon|phone\u00a0\u00bb header_font_size_tablet=\u00a0\u00bb48px\u00a0\u00bb header_font_size_phone=\u00a0\u00bb24px\u00a0\u00bb header_font_size_last_edited=\u00a0\u00bbon|phone\u00a0\u00bb locked=\u00a0\u00bboff\u00a0\u00bb global_colors_info=\u00a0\u00bb{}\u00a0\u00bb]<\/p>\n<h2><span style=\"color: #6b0b1b; font-size: large;\">Avec des rondes et des chansons, par le mouvement et la d\u00e9couverte de diff\u00e9rents rythmes et sons, la musique est ressentie des oreilles aux orteils. L&rsquo;enfant utilise son corps comme premier instrument afin de d\u00e9velopper son sens musical.<\/span><\/h2>\n<h2><span style=\"color: #6b0b1b; font-size: large;\">Le cours de groupe favorise aussi la socialisation, l&rsquo;autonomie, l&rsquo;\u00e9coute, la communication et la cr\u00e9ativit\u00e9.<\/span><\/h2>\n<h2><span style=\"color: #6b0b1b; font-size: large;\">Le jardin musical est largement inspir\u00e9 par le p\u00e9dagogue hongrois Zoltan Kodaly.\u00a0 Son objectif principal est de rendre la musique accessible \u00e0 tous, en utilisant des m\u00e9thodes adapt\u00e9es aux capacit\u00e9s et aux besoins des \u00e9l\u00e8ves.<\/span><\/h2>\n<div data-message-author-role=\"assistant\" data-message-id=\"bf5eb556-eff9-49c6-b63b-9b7f360e2081\" dir=\"auto\" class=\"min-h-[20px] text-message flex flex-col items-start whitespace-pre-wrap break-words [.text-message+&amp;]:mt-5 juice:w-full juice:items-end overflow-x-auto gap-2\">\n<div class=\"flex w-full flex-col gap-1 juice:empty:hidden juice:first:pt-[3px]\">\n<div class=\"markdown prose w-full break-words dark:prose-invert light\">\n<p><span style=\"color: #6b0b1b; font-size: large;\">Kod\u00e1ly croyait fermement que la musique devait faire partie int\u00e9grante de l\u2019\u00e9ducation d\u00e8s le plus jeune \u00e2ge. Pour lui, chanter \u00e9tait la mani\u00e8re la plus naturelle et efficace d\u2019enseigner la musique. Il pr\u00f4nait l&rsquo;utilisation du chant folklorique, notamment des chansons populaires hongroises, comme point de d\u00e9part pour l&rsquo;apprentissage musical. Ces chansons, simples et m\u00e9lodieuses, permettent aux enfants de d\u00e9velopper leur oreille musicale, leur sens du rythme et leur m\u00e9moire auditive.<\/span><\/p>\n<p><span style=\"color: #6b0b1b; font-size: large;\">L\u2019une des composantes cl\u00e9s de la m\u00e9thode Kod\u00e1ly est l&rsquo;utilisation des signes manuels pour repr\u00e9senter les notes de la gamme, une technique appel\u00e9e \u00ab\u00a0main solfa\u00a0\u00bb. Cela aide les \u00e9l\u00e8ves \u00e0 visualiser et \u00e0 comprendre les intervalles entre les notes. En parall\u00e8le, la m\u00e9thode fait usage des syllabes rythmiques pour enseigner les diff\u00e9rentes valeurs de notes, facilitant ainsi la compr\u00e9hension et l&rsquo;ex\u00e9cution des rythmes.<\/span><\/p>\n<p><span style=\"color: #6b0b1b; font-size: large;\">En somme, la p\u00e9dagogie musicale de Zolt\u00e1n Kod\u00e1ly vise \u00e0 cultiver une profonde appr\u00e9ciation de la musique, en mettant l&rsquo;accent sur l&rsquo;exp\u00e9rience directe et active des \u00e9l\u00e8ves. Son approche holistique et progressive a eu une influence durable sur l&rsquo;\u00e9ducation musicale \u00e0 travers le monde, en soulignant l&rsquo;importance de la musique comme \u00e9l\u00e9ment essentiel de l\u2019\u00e9ducation globale. <\/span><\/p>\n<p><span style=\"color: #6b0b1b; font-size: large;\">Je crois fermement aux bienfaits de cette approche joyeuse et l\u00e9g\u00e8re. C&rsquo;est pourquoi je me suis form\u00e9e d&rsquo;abord \u00e0 Lyon chez Laure Pouradier Duteil, professeur de professeur de formation musicale \u00e0 la ma\u00eetrise de l&rsquo;op\u00e9ra de Lyon, et Gr\u00e9gory Ward co-fondateur de l&rsquo;\u00e9cole Bouge et Chante de Lyon. J&rsquo;ai compl\u00e9t\u00e9 mon cursus par un CAS \u00e0 l&rsquo;institut Kodaly \u00e0 Gen\u00e8ve et \u00e0 Budapest .<\/span><\/p>\n<\/div>\n<\/div>\n<\/div>\n<p>&nbsp;<\/p>\n<p>[\/et_pb_text][\/et_pb_column][\/et_pb_row][\/et_pb_section][et_pb_section fb_built=\u00a0\u00bb1&Prime; admin_label=\u00a0\u00bbRegistration\u00a0\u00bb _builder_version=\u00a0\u00bb4.16&Prime; background_color=\u00a0\u00bb#f6f0ee\u00a0\u00bb custom_padding=\u00a0\u00bb0px||0px||true|false\u00a0\u00bb global_colors_info=\u00a0\u00bb{}\u00a0\u00bb][et_pb_row column_structure=\u00a0\u00bb1_3,1_3,1_3&Prime; use_custom_gutter=\u00a0\u00bbon\u00a0\u00bb gutter_width=\u00a0\u00bb1&Prime; _builder_version=\u00a0\u00bb4.16&Prime; custom_padding=\u00a0\u00bb0px||0px||true|false\u00a0\u00bb locked=\u00a0\u00bboff\u00a0\u00bb global_colors_info=\u00a0\u00bb{}\u00a0\u00bb][et_pb_column type=\u00a0\u00bb1_3&Prime; _builder_version=\u00a0\u00bb4.16&Prime; background_enable_color=\u00a0\u00bboff\u00a0\u00bb use_background_color_gradient=\u00a0\u00bbon\u00a0\u00bb background_color_gradient_stops=\u00a0\u00bb#ffffff 0%|#f5f0ee 100%\u00a0\u00bb background_color_gradient_start=\u00a0\u00bb#ffffff\u00a0\u00bb background_color_gradient_end=\u00a0\u00bb#f5f0ee\u00a0\u00bb custom_padding=\u00a0\u00bb70px|30px|70px|30px|true|true\u00a0\u00bb custom_padding_tablet=\u00a0\u00bb40px||40px||true|true\u00a0\u00bb custom_padding_phone=\u00a0\u00bb|20px||20px|true|true\u00a0\u00bb custom_padding_last_edited=\u00a0\u00bbon|tablet\u00a0\u00bb global_colors_info=\u00a0\u00bb{}\u00a0\u00bb][et_pb_text _builder_version=\u00a0\u00bb4.16&Prime; text_font_size=\u00a0\u00bb16px\u00a0\u00bb text_line_height=\u00a0\u00bb1.8em\u00a0\u00bb header_3_font=\u00a0\u00bbInria Serif|700|||||||\u00a0\u00bb header_3_text_color=\u00a0\u00bb#000000&Prime; header_3_font_size=\u00a0\u00bb24px\u00a0\u00bb header_3_line_height=\u00a0\u00bb1.1em\u00a0\u00bb text_orientation=\u00a0\u00bbcenter\u00a0\u00bb custom_padding=\u00a0\u00bb2px|||||\u00a0\u00bb text_font_size_tablet=\u00a0\u00bb\u00a0\u00bb text_font_size_phone=\u00a0\u00bb14px\u00a0\u00bb text_font_size_last_edited=\u00a0\u00bbon|phone\u00a0\u00bb header_3_font_size_tablet=\u00a0\u00bb24px\u00a0\u00bb header_3_font_size_phone=\u00a0\u00bb20px\u00a0\u00bb header_3_font_size_last_edited=\u00a0\u00bbon|phone\u00a0\u00bb global_colors_info=\u00a0\u00bb{}\u00a0\u00bb]<\/p>\n<h3>Cours de 50 minutes<\/h3>\n<h3>par semaine<\/h3>\n<p>Groupe de 4 \u00e9l\u00e8ves maximum<\/p>\n<p>270.- \/ semestre<\/p>\n<p>&nbsp;<\/p>\n<p>[\/et_pb_text][\/et_pb_column][et_pb_column type=\u00a0\u00bb1_3&Prime; _builder_version=\u00a0\u00bb4.16&Prime; use_background_color_gradient=\u00a0\u00bbon\u00a0\u00bb background_color_gradient_stops=\u00a0\u00bb#F4E2CA 0%|#F6F0EE 100%\u00a0\u00bb background_color_gradient_start=\u00a0\u00bb#F4E2CA\u00a0\u00bb background_color_gradient_end=\u00a0\u00bb#F6F0EE\u00a0\u00bb custom_padding=\u00a0\u00bb70px|30px|70px|30px|true|true\u00a0\u00bb custom_padding_tablet=\u00a0\u00bb40px||40px||true|true\u00a0\u00bb custom_padding_phone=\u00a0\u00bb|20px||20px|true|true\u00a0\u00bb custom_padding_last_edited=\u00a0\u00bbon|tablet\u00a0\u00bb global_colors_info=\u00a0\u00bb{}\u00a0\u00bb][et_pb_text _builder_version=\u00a0\u00bb4.25.2&Prime; text_font_size=\u00a0\u00bb16px\u00a0\u00bb text_line_height=\u00a0\u00bb1.8em\u00a0\u00bb header_3_font=\u00a0\u00bbInria Serif|700|||||||\u00a0\u00bb header_3_text_color=\u00a0\u00bb#000000&Prime; header_3_font_size=\u00a0\u00bb24px\u00a0\u00bb header_3_line_height=\u00a0\u00bb1.1em\u00a0\u00bb text_orientation=\u00a0\u00bbcenter\u00a0\u00bb custom_padding=\u00a0\u00bb0px|||||\u00a0\u00bb text_font_size_tablet=\u00a0\u00bb\u00a0\u00bb text_font_size_phone=\u00a0\u00bb14px\u00a0\u00bb text_font_size_last_edited=\u00a0\u00bbon|phone\u00a0\u00bb header_3_font_size_tablet=\u00a0\u00bb24px\u00a0\u00bb header_3_font_size_phone=\u00a0\u00bb20px\u00a0\u00bb header_3_font_size_last_edited=\u00a0\u00bbon|phone\u00a0\u00bb locked=\u00a0\u00bboff\u00a0\u00bb global_colors_info=\u00a0\u00bb{}\u00a0\u00bb]<\/p>\n<h3>\u00a0mardi et mercredi\u00a0<\/h3>\n<p>&nbsp;<\/p>\n<p>&nbsp;<\/p>\n<p>horaire \u00e0 convenir<\/p>\n<p>&nbsp;<\/p>\n<p>[\/et_pb_text][\/et_pb_column][et_pb_column type=\u00a0\u00bb1_3&Prime; _builder_version=\u00a0\u00bb4.16&Prime; use_background_color_gradient=\u00a0\u00bbon\u00a0\u00bb background_color_gradient_stops=\u00a0\u00bb#f4d8d8 0%|#f6f0ee 100%\u00a0\u00bb background_color_gradient_start=\u00a0\u00bb#f4d8d8&Prime; background_color_gradient_end=\u00a0\u00bb#f6f0ee\u00a0\u00bb custom_padding=\u00a0\u00bb70px|30px|70px|30px|true|true\u00a0\u00bb custom_padding_tablet=\u00a0\u00bb40px||40px||true|true\u00a0\u00bb custom_padding_phone=\u00a0\u00bb|20px||20px|true|true\u00a0\u00bb custom_padding_last_edited=\u00a0\u00bbon|tablet\u00a0\u00bb global_colors_info=\u00a0\u00bb{}\u00a0\u00bb][et_pb_text _builder_version=\u00a0\u00bb4.25.2&Prime; _module_preset=\u00a0\u00bbdefault\u00a0\u00bb global_colors_info=\u00a0\u00bb{}\u00a0\u00bb][\/et_pb_text][\/et_pb_column][\/et_pb_row][\/et_pb_section]<\/p>\n","protected":false},"excerpt":{"rendered":"<p>Jardin musicalAvec des rondes et des chansons, par le mouvement et la d\u00e9couverte de diff\u00e9rents rythmes et sons, la musique est ressentie des oreilles aux orteils. L&rsquo;enfant utilise son corps comme premier instrument afin de d\u00e9velopper son sens musical. Le cours de groupe favorise aussi la socialisation, l&rsquo;autonomie, l&rsquo;\u00e9coute, la communication et la cr\u00e9ativit\u00e9. Le [&hellip;]<\/p>\n","protected":false},"author":2,"featured_media":0,"parent":0,"menu_order":0,"comment_status":"closed","ping_status":"closed","template":"","meta":{"_et_pb_use_builder":"on","_et_pb_old_content":"","_et_gb_content_width":"","footnotes":""},"class_list":["post-136","page","type-page","status-publish","hentry"],"_links":{"self":[{"href":"https:\/\/atelier-musique.ch\/index.php?rest_route=\/wp\/v2\/pages\/136","targetHints":{"allow":["GET"]}}],"collection":[{"href":"https:\/\/atelier-musique.ch\/index.php?rest_route=\/wp\/v2\/pages"}],"about":[{"href":"https:\/\/atelier-musique.ch\/index.php?rest_route=\/wp\/v2\/types\/page"}],"author":[{"embeddable":true,"href":"https:\/\/atelier-musique.ch\/index.php?rest_route=\/wp\/v2\/users\/2"}],"replies":[{"embeddable":true,"href":"https:\/\/atelier-musique.ch\/index.php?rest_route=%2Fwp%2Fv2%2Fcomments&post=136"}],"version-history":[{"count":9,"href":"https:\/\/atelier-musique.ch\/index.php?rest_route=\/wp\/v2\/pages\/136\/revisions"}],"predecessor-version":[{"id":209,"href":"https:\/\/atelier-musique.ch\/index.php?rest_route=\/wp\/v2\/pages\/136\/revisions\/209"}],"wp:attachment":[{"href":"https:\/\/atelier-musique.ch\/index.php?rest_route=%2Fwp%2Fv2%2Fmedia&parent=136"}],"curies":[{"name":"wp","href":"https:\/\/api.w.org\/{rel}","templated":true}]}}